{"id":122,"date":"2017-09-28T14:30:12","date_gmt":"2017-09-28T14:30:12","guid":{"rendered":"http:\/\/construmar.com.ar\/materialesconstruccion\/?page_id=122"},"modified":"2024-05-13T09:33:20","modified_gmt":"2024-05-13T12:33:20","slug":"nosotros","status":"publish","type":"page","link":"https:\/\/construmar.com.ar\/materialesconstruccion\/nosotros\/","title":{"rendered":""},"content":{"rendered":"<div class=\"section-full-width section-light2\" style=\"background-color:#ffffff;\" id=\"bienvenidosaconstrumar\"><div class=\"section-boxed\" style=\"color:#777777;\"><h2 class=\"section-title\" style=\"color:#878787;\">Bienvenidos a Construmar<\/h2><h4 style=\"color:#878787;\" class=\"sub-title\">Contamos con 34 a\u00f1os de experiencia en el mercado<\/h4><p>Nuestra historia comienza en el a\u00f1o 1983<\/p>\n<p>Una importante empresa familiar de hormigon en Mar del plata, decide iniciar un nuevo emprendimiento,que seria la apertura de un corralon de venta de materiales para la construccion.<\/p>\n<p>Se inicia entonces una sociedad familiar, que como nombre de fantas\u00eda lo llaman \u201cConstrumar\u201d.<\/p>\n<p>Con mucho esfuerzo y sacrificio Construmar se hizo presente con sus camiones en cada rincon de Mar del Plata y la zona logrando permanecer en el tiempo.<\/p>\n<p>Luancar sa ,mas de 40 a\u00f1os de experiencia en la construcci\u00f3n, brindando atenci\u00f3n y servicio.<\/p>\n<p>Seguimos en Fortunato de la Plaza 5198 ofreciendo responsabilidad y dedicaci\u00f3n para seguir construyendo Mar del plata&#8230;.<\/p>\n<p>\n<\/div><\/div>\n<div class=\"section-full-width section-light2\" style=\"background-color:#ffffff;\" id=\"fortunatodelaplaza5198\"><div class=\"section-boxed\" style=\"color:#777777;\"><h2 class=\"section-title\" style=\"color:#878787;\">Fortunato de la Plaza 5198<\/h2><h4 style=\"color:#878787;\" class=\"sub-title\">La mejor log\u00edstica y responsabilidad en su construcci\u00f3n.<\/h4><p>Nuestro horario de atenci\u00f3n es de lunes a viernes de 8:00 a 16:00 &#8211; S\u00e1bados de 8:00 a 12:30 hs<br \/>\nPuede comunicarse con nuestra empresa al 0223-4801514 o 4899047<\/p>\n<\/div><\/div>\n<div class=\"quick-gallery\"><div class=\"qg-img qg-no-title\" data-defwidth=\"383\"><a href=\"https:\/\/construmar.com.ar\/materialesconstruccion\/wp-content\/uploads\/2017\/09\/sucursal-construmar-mar-del-plata-construcciones-0.jpg\" data-rel=\"lightbox[group-1221]\" title=\"\" ><img src=\"https:\/\/construmar.com.ar\/materialesconstruccion\/wp-content\/uploads\/2017\/09\/sucursal-construmar-mar-del-plata-construcciones-0-383x250.jpg\" alt=\"\"\/><div class=\"qg-overlay\"><span class=\"icon-circle\"><span class=\"pg-icon lightbox-icon\"><\/span><\/span><\/div><\/a><\/div><div class=\"qg-img qg-no-title\" data-defwidth=\"383\"><a href=\"https:\/\/construmar.com.ar\/materialesconstruccion\/wp-content\/uploads\/2017\/09\/sucursal-construmar-mar-del-plata-construcciones-3.jpg\" data-rel=\"lightbox[group-1221]\" title=\"\" ><img src=\"https:\/\/construmar.com.ar\/materialesconstruccion\/wp-content\/uploads\/2017\/09\/sucursal-construmar-mar-del-plata-construcciones-3-383x250.jpg\" alt=\"\"\/><div class=\"qg-overlay\"><span class=\"icon-circle\"><span class=\"pg-icon lightbox-icon\"><\/span><\/span><\/div><\/a><\/div><div class=\"qg-img qg-no-title\" data-defwidth=\"383\"><a href=\"https:\/\/construmar.com.ar\/materialesconstruccion\/wp-content\/uploads\/2017\/09\/sucursal-construmar-mar-del-plata-construcciones-6.jpg\" data-rel=\"lightbox[group-1221]\" title=\"\" ><img src=\"https:\/\/construmar.com.ar\/materialesconstruccion\/wp-content\/uploads\/2017\/09\/sucursal-construmar-mar-del-plata-construcciones-6-383x250.jpg\" alt=\"\"\/><div class=\"qg-overlay\"><span class=\"icon-circle\"><span class=\"pg-icon lightbox-icon\"><\/span><\/span><\/div><\/a><\/div><div class=\"qg-img qg-no-title\" data-defwidth=\"383\"><a href=\"https:\/\/construmar.com.ar\/materialesconstruccion\/wp-content\/uploads\/2017\/09\/sucursal-construmar-mar-del-plata-construcciones-7-1.jpg\" data-rel=\"lightbox[group-1221]\" title=\"\" ><img src=\"https:\/\/construmar.com.ar\/materialesconstruccion\/wp-content\/uploads\/2017\/09\/sucursal-construmar-mar-del-plata-construcciones-7-1-383x250.jpg\" alt=\"\"\/><div class=\"qg-overlay\"><span class=\"icon-circle\"><span class=\"pg-icon lightbox-icon\"><\/span><\/span><\/div><\/a><\/div><div class=\"qg-img qg-no-title\" data-defwidth=\"383\"><a href=\"https:\/\/construmar.com.ar\/materialesconstruccion\/wp-content\/uploads\/2017\/09\/sucursal-construmar-mar-del-plata-construcciones-8.jpg\" data-rel=\"lightbox[group-1221]\" title=\"\" ><img src=\"https:\/\/construmar.com.ar\/materialesconstruccion\/wp-content\/uploads\/2017\/09\/sucursal-construmar-mar-del-plata-construcciones-8-383x250.jpg\" alt=\"\"\/><div class=\"qg-overlay\"><span class=\"icon-circle\"><span class=\"pg-icon lightbox-icon\"><\/span><\/span><\/div><\/a><\/div><div class=\"qg-img qg-no-title\" data-defwidth=\"383\"><a href=\"https:\/\/construmar.com.ar\/materialesconstruccion\/wp-content\/uploads\/2017\/09\/sucursal-construmar-mar-del-plata-construcciones-1-1.jpg\" data-rel=\"lightbox[group-1221]\" title=\"\" ><img src=\"https:\/\/construmar.com.ar\/materialesconstruccion\/wp-content\/uploads\/2017\/09\/sucursal-construmar-mar-del-plata-construcciones-1-1-383x250.jpg\" alt=\"\"\/><div class=\"qg-overlay\"><span class=\"icon-circle\"><span class=\"pg-icon lightbox-icon\"><\/span><\/span><\/div><\/a><\/div><div class=\"qg-img qg-no-title\" data-defwidth=\"383\"><a href=\"https:\/\/construmar.com.ar\/materialesconstruccion\/wp-content\/uploads\/2017\/09\/construmar-mar-del-plata-1.jpg\" data-rel=\"lightbox[group-1221]\" title=\"\" ><img src=\"https:\/\/construmar.com.ar\/materialesconstruccion\/wp-content\/uploads\/2017\/09\/construmar-mar-del-plata-1-383x250.jpg\" alt=\"\"\/><div class=\"qg-overlay\"><span class=\"icon-circle\"><span class=\"pg-icon lightbox-icon\"><\/span><\/span><\/div><\/a><\/div><div class=\"qg-img qg-no-title\" data-defwidth=\"383\"><a href=\"https:\/\/construmar.com.ar\/materialesconstruccion\/wp-content\/uploads\/2017\/09\/construmar.jpg\" data-rel=\"lightbox[group-1221]\" title=\"\" ><img src=\"https:\/\/construmar.com.ar\/materialesconstruccion\/wp-content\/uploads\/2017\/09\/construmar-383x250.jpg\" alt=\"\"\/><div class=\"qg-overlay\"><span class=\"icon-circle\"><span class=\"pg-icon lightbox-icon\"><\/span><\/span><\/div><\/a><\/div><div class=\"qg-img qg-no-title\" data-defwidth=\"383\"><a href=\"https:\/\/construmar.com.ar\/materialesconstruccion\/wp-content\/uploads\/2017\/09\/construmar-1.jpg\" data-rel=\"lightbox[group-1221]\" title=\"\" ><img src=\"https:\/\/construmar.com.ar\/materialesconstruccion\/wp-content\/uploads\/2017\/09\/construmar-1-383x250.jpg\" alt=\"\"\/><div class=\"qg-overlay\"><span class=\"icon-circle\"><span class=\"pg-icon lightbox-icon\"><\/span><\/span><\/div><\/a><\/div><div class=\"clear\"><\/div><\/div>\n","protected":false},"excerpt":{"rendered":"","protected":false},"author":2,"featured_media":0,"parent":0,"menu_order":0,"comment_status":"closed","ping_status":"closed","template":"template-full-custom.php","meta":[],"_links":{"self":[{"href":"https:\/\/construmar.com.ar\/materialesconstruccion\/wp-json\/wp\/v2\/pages\/122"}],"collection":[{"href":"https:\/\/construmar.com.ar\/materialesconstruccion\/wp-json\/wp\/v2\/pages"}],"about":[{"href":"https:\/\/construmar.com.ar\/materialesconstruccion\/wp-json\/wp\/v2\/types\/page"}],"author":[{"embeddable":true,"href":"https:\/\/construmar.com.ar\/materialesconstruccion\/wp-json\/wp\/v2\/users\/2"}],"replies":[{"embeddable":true,"href":"https:\/\/construmar.com.ar\/materialesconstruccion\/wp-json\/wp\/v2\/comments?post=122"}],"version-history":[{"count":13,"href":"https:\/\/construmar.com.ar\/materialesconstruccion\/wp-json\/wp\/v2\/pages\/122\/revisions"}],"predecessor-version":[{"id":269,"href":"https:\/\/construmar.com.ar\/materialesconstruccion\/wp-json\/wp\/v2\/pages\/122\/revisions\/269"}],"wp:attachment":[{"href":"https:\/\/construmar.com.ar\/materialesconstruccion\/wp-json\/wp\/v2\/media?parent=122"}],"curies":[{"name":"wp","href":"https:\/\/api.w.org\/{rel}","templated":true}]}}